{"id":191,"date":"2022-01-31T15:46:03","date_gmt":"2022-01-31T14:46:03","guid":{"rendered":"https:\/\/www.bonello-fliesenleger.de\/?page_id=191"},"modified":"2022-01-31T18:28:13","modified_gmt":"2022-01-31T17:28:13","slug":"ueber-uns","status":"publish","type":"page","link":"https:\/\/www.fliesenleger-bonello.de\/?page_id=191","title":{"rendered":"\u00dcber uns"},"content":{"rendered":"\t\t<div data-elementor-type=\"wp-page\" data-elementor-id=\"191\" class=\"elementor elementor-191\" data-elementor-settings=\"[]\">\n\t\t\t\t\t\t\t<div class=\"elementor-section-wrap\">\n\t\t\t\t\t\t\t<section class=\"elementor-section elementor-top-section elementor-element elementor-element-91918e1 elementor-section-boxed elementor-section-height-default elementor-section-height-default\" data-id=\"91918e1\" data-element_type=\"section\">\n\t\t\t\t\t\t<div class=\"elementor-container elementor-column-gap-default\">\n\t\t\t\t\t<div class=\"elementor-column elementor-col-100 elementor-top-column elementor-element elementor-element-7089433\" data-id=\"7089433\" data-element_type=\"column\">\n\t\t\t<div class=\"elementor-widget-wrap elementor-element-populated\">\n\t\t\t\t\t\t\t\t<div class=\"elementor-element elementor-element-0fbdcb2 elementor-widget elementor-widget-text-editor\" data-id=\"0fbdcb2\" data-element_type=\"widget\" data-widget_type=\"text-editor.default\">\n\t\t\t\t<div class=\"elementor-widget-container\">\n\t\t\t<style>\/*! elementor - v3.5.6 - 28-02-2022 *\/\n.elementor-widget-text-editor.elementor-drop-cap-view-stacked .elementor-drop-cap{background-color:#818a91;color:#fff}.elementor-widget-text-editor.elementor-drop-cap-view-framed .elementor-drop-cap{color:#818a91;border:3px solid;background-color:transparent}.elementor-widget-text-editor:not(.elementor-drop-cap-view-default) .elementor-drop-cap{margin-top:8px}.elementor-widget-text-editor:not(.elementor-drop-cap-view-default) .elementor-drop-cap-letter{width:1em;height:1em}.elementor-widget-text-editor .elementor-drop-cap{float:left;text-align:center;line-height:1;font-size:50px}.elementor-widget-text-editor .elementor-drop-cap-letter{display:inline-block}<\/style>\t\t\t\t<p>Fliesenleger Bonello ist ein junger Handwerksbetrieb mit Sitz in Lichtenwald. Wir verf\u00fcgen \u00fcber reichlich Erfahrung bei der Sanierung von Altbauten und im Verwirklichen von individuellen W\u00fcnschen im privaten wie auch gewerblichen Bereich.\u00a0<span style=\"font-size: 14px; color: var( --e-global-color-text );\">Francesco Bonello selbst ist Ihr Ansprechpartner und steht Ihnen mit Rat und Tat zur Seite. Jedes Projekt wird von A bis Z vom Fliesenlegerprofi umgesetzt. Die Schwerpunkte liegen bei der Altbausanierung, Bad- und WC-Sanierung, K\u00fcchensanierung, Fliesenreparatur, Verlegen von Gro\u00dfformatfliesen sowie generell Fliesenlegerarbeiten im Innen- und Au\u00dfenbereich.<\/span><\/p><p>Wir legen sehr hohen Wert auf Qualit\u00e4t und handwerkliche Perfektion. Wir sichern Ihnen eine meisterhafte, termingerechte und saubere Ausf\u00fchrung zu.<\/p>\t\t\t\t\t\t<\/div>\n\t\t\t\t<\/div>\n\t\t\t\t\t<\/div>\n\t\t<\/div>\n\t\t\t\t\t\t\t<\/div>\n\t\t<\/section>\n\t\t\t\t<section class=\"elementor-section elementor-top-section elementor-element elementor-element-745c3ac elementor-section-full_width elementor-section-height-default elementor-section-height-default\" data-id=\"745c3ac\" data-element_type=\"section\">\n\t\t\t\t\t\t<div class=\"elementor-container elementor-column-gap-default\">\n\t\t\t\t\t<div class=\"elementor-column elementor-col-100 elementor-top-column elementor-element elementor-element-a74ba79\" data-id=\"a74ba79\" data-element_type=\"column\">\n\t\t\t<div class=\"elementor-widget-wrap elementor-element-populated\">\n\t\t\t\t\t\t\t\t<div class=\"elementor-element elementor-element-d9e6954 elementor-widget elementor-widget-heading\" data-id=\"d9e6954\" data-element_type=\"widget\" data-widget_type=\"heading.default\">\n\t\t\t\t<div class=\"elementor-widget-container\">\n\t\t\t<style>\/*! elementor - v3.5.6 - 28-02-2022 *\/\n.elementor-heading-title{padding:0;margin:0;line-height:1}.elementor-widget-heading .elementor-heading-title[class*=elementor-size-]>a{color:inherit;font-size:inherit;line-height:inherit}.elementor-widget-heading .elementor-heading-title.elementor-size-small{font-size:15px}.elementor-widget-heading .elementor-heading-title.elementor-size-medium{font-size:19px}.elementor-widget-heading .elementor-heading-title.elementor-size-large{font-size:29px}.elementor-widget-heading .elementor-heading-title.elementor-size-xl{font-size:39px}.elementor-widget-heading .elementor-heading-title.elementor-size-xxl{font-size:59px}<\/style><h2 class=\"elementor-heading-title elementor-size-xl\">Ihr Traum ist unsere Mission. \nWas anderen unm\u00f6glich erscheint werden wir f\u00fcr Sie verwirklichen und mit unserem Ideenreichtum eine L\u00f6sung f\u00fcr Ihre W\u00fcnsche finden.<\/h2>\t\t<\/div>\n\t\t\t\t<\/div>\n\t\t\t\t\t<\/div>\n\t\t<\/div>\n\t\t\t\t\t\t\t<\/div>\n\t\t<\/section>\n\t\t\t\t\t\t<\/div>\n\t\t\t\t\t<\/div>\n\t\t","protected":false},"excerpt":{"rendered":"<p>Fliesenleger Bonello ist ein junger Handwerksbetrieb mit Sitz in Lichtenwald. Wir verf\u00fcgen \u00fcber reichlich Erfahrung bei der Sanierung von Altbauten und im Verwirklichen von individuellen W\u00fcnschen im privaten wie auch gewerblichen Bereich.\u00a0Francesco Bonello selbst ist Ihr Ansprechpartner und steht Ihnen mit Rat und Tat zur Seite. Jedes Projekt wird von A bis Z vom Fliesenlegerprofi [&hellip;]<\/p>\n","protected":false},"author":1,"featured_media":0,"parent":0,"menu_order":0,"comment_status":"closed","ping_status":"closed","template":"","meta":{"ngg_post_thumbnail":0,"footnotes":""},"class_list":["post-191","page","type-page","status-publish","hentry","entry"],"_links":{"self":[{"href":"https:\/\/www.fliesenleger-bonello.de\/index.php?rest_route=\/wp\/v2\/pages\/191","targetHints":{"allow":["GET"]}}],"collection":[{"href":"https:\/\/www.fliesenleger-bonello.de\/index.php?rest_route=\/wp\/v2\/pages"}],"about":[{"href":"https:\/\/www.fliesenleger-bonello.de\/index.php?rest_route=\/wp\/v2\/types\/page"}],"author":[{"embeddable":true,"href":"https:\/\/www.fliesenleger-bonello.de\/index.php?rest_route=\/wp\/v2\/users\/1"}],"replies":[{"embeddable":true,"href":"https:\/\/www.fliesenleger-bonello.de\/index.php?rest_route=%2Fwp%2Fv2%2Fcomments&post=191"}],"version-history":[{"count":16,"href":"https:\/\/www.fliesenleger-bonello.de\/index.php?rest_route=\/wp\/v2\/pages\/191\/revisions"}],"predecessor-version":[{"id":320,"href":"https:\/\/www.fliesenleger-bonello.de\/index.php?rest_route=\/wp\/v2\/pages\/191\/revisions\/320"}],"wp:attachment":[{"href":"https:\/\/www.fliesenleger-bonello.de\/index.php?rest_route=%2Fwp%2Fv2%2Fmedia&parent=191"}],"curies":[{"name":"wp","href":"https:\/\/api.w.org\/{rel}","templated":true}]}}